.
9
Calculate -8 + 43 + -2 + 15 + -25.
23
What is -11 - -13 - ((-5 - 2) + 3 - -40)?
-34
What is the value of (9 - 22) + (16 - -6)?
9
-18 - (-5 + -10 + -4)
1
What is the value of (-2 - 1) + (18 + -27 - (-12 + 1))?
-1
What is the value of -2 - ((-16 - -23) + -22)?
13
(-57 - -25) + 20 + 6
-6
18 + (25 + -34 - (-4 + -1))
14
What is -3 - -37 - 19 - 12?
3
-20 + (-24 - -61) + 2 + 2 + 1
22
What is -53 + (16 - -17) + 1?
-19
What is (-42 - (4 + -5)) + 8 + 4 + 7?
-22
19 - ((-9 - 4) + 38)
-6
Calculate 17 - (10 + -6 + -3 + 6).
10
Calculate (15 - -1 - (0 + 4)) + -11.
1
What is the value of 21 + 0 - ((-7 - 47) + 70)?
5
Calculate 9 + -21 + -12 + 20 + 7.
3
Evaluate 49 - 70 - (9 - 18).
-12
Calculate (-21 - (-15 + -11)) + (1 - 0 - 10).
-4
4 + (1 - (-3 + -7 + (32 - 8)))
-9
Evaluate 21 - (24 - -2) - (2 + -5 + 1).
-3
What is the value of 79 + -91 - (-28 - 0)?
16
What is 1 + (-9 - -1 - -4 - 4) - 14?
-21
Calculate -15 - (-11 + 7 + -12).
1
What is the value of 25 + -26 + 43 + -34?
8
Calculate -4 - (3 - 13) - 6 - -7.
7
Calculate (-1 - (-15 - -4)) + -32 - -8.
-14
What is 11 - ((14 - -1) + -4) - -27?
27
What is (22 - (11 + 9)) + -9?
-7
Calculate 2 - ((4 - (14 + -10 - -15)) + -7).
24
What is (5 - 10) + (-2 - 10) + 5 + 12?
0
Evaluate -10 - (1 + 8 + (-9 - 11) + -27).
28
What is (2 - -4 - 6 - -1) + 2 + -1?
2
Evaluate -5 + (3 - 1 - (9 + -17 + 5)).
0
What is 6 - (4 + 8 + -10) - 8?
-4
Calculate -1 - 1 - 7 - (-9 + 7) - 3.
-10
Calculate 0 + (102 + -96 - (-4 + -1)).
11
What is 404 + -410 - (-2 - -16)?
-20
What is (-9 - -3) + -4 + (2 + 10 - 3)?
-1
What is the value of -3 - (38 + -34 - (4 + (13 - 2)))?
8
What is (130 - 122) + 3 + 0?
11
Evaluate -32 + 30 - (-6 - (-8 - -3)).
-1
16 - (2 + -3 + -73 + 63)
27
What is -40 - (-44 + -53) - 22?
35
What is the value of 0 - (0 + 6 + (-20 - -39))?
-25
-57 + 48 + (15 - -7)
13
4 - (9 + (8 - 29) - -3)
13
-16 - (-9 + 16) - -15 - 19
-27
Evaluate 3 - 7 - (-5 - 3 - (6 - 5)).
5
What is the value of (0 + -10 - -1) + 16?
7
Calculate 8 - -12 - (7 - 0).
13
What is the value of 589 + -573 - (-4 + 2 - -48)?
-30
Calculate (-2 - -3) + -6 + 11 + -12 + 7.
1
((23 - 5) + 2 + -7 - -8) + -4
17
(16 - 13) + (13 - 7)
9
What is 12 + (4 - 15) + 5 + (2 - -5)?
13
Calculate 20 - (9 - (-8 - -10) - 5 - 7).
25
What is -16 - (-2 + -7) - -1?
-6
-12 - (17 + 9) - -31
-7
Calculate -9 + (-4 - -18) - (4 + 8 + 3).
-10
What is the value of 5 + (1 - 17) - (26 - 13)?
-24
Evaluate (12 - (-2 + (3 - -2))) + -14.
-5
Evaluate -4 + (3 + -4 - (-24 + 21)).
-2
What is -123 - -130 - (-1 + 15)?
-7
-13 - (-6 - 8) - -4
5
What is (-2 - (-2 - 8) - 3) + -9?
-4
What is (1 - 9) + (-15 - (-12 - 8))?
-3
Evaluate (-8 + 21 - 16) + 21.
18
What is (-5 - -1 - -24 - 5) + (15 - 14)?
16
What is the value of 9 - 2 - (12 - 19)?
14
What is the value of -2 + -10 + -2 + -5 + 50?
31
Evaluate -1 + -6 + -27 + 5 + 33.
4
What is (-2 - 0) + (1 - 0 - -3)?
2
Calculate -39 + -1 + (-549 - -576).
-13
Evaluate (-11 - -14) + -3 - (-8 - -2).
6
(-16 + 6 - 3) + 12 - 6
-7
19 + -14 + -10 - -6
1
Calculate 3 + -7 + (-8 + 25 - 9) + 3.
7
Evaluate (1 + -18 - 1) + 8.
-10
Evaluate -3 + -4 + 4 + (9 - 18).
-12
(-1 - 0 - (17 - (3 - -21))) + -15
-9
What is the value of -8 - (-6 - ((4 - 2) + -7))?
-7
What is the value of 1 + (0 - ((-8 - -3) + 0))?
6
-2 - (0 - 8) - (1 + 5 + 0)
0
-8 - (8 + -9) - -25 - 5
13
Evaluate 6 + 3 - (-196 - -222).
-17
Evaluate -39 - (-19 + -21) - (6 - -3).
-8
What is the value of -28 + (-34 - -18 - -30)?
-14
What is -1 + 2 + 1 + (-34 - 4) + 18?
-18
What is -1 + -3 - 0 - (-21 - (-36 + 16))?
-3
What is 5 - -3 - (-10 - 9 - -20)?
7
8 + (-36 + 10 - -6) + -2
-14
3 + 0 - (0 + (-5 + -4 - -15))
-3
Calculate -13 + (9 - -3 - -7).
6
What is the value of -37 + -65 + 110 + -10 + (-1 - 0)?
-3
Evaluate -8 - (-18 - (-4 - 2 - -1 - -3)).
8
Calculate -2 - (9 + -11 + -6 - (0 + -7)).
-1
2 + 26 + (-276 - -263)
15
What is the value of 11 + 12 + 8 + -14 + 13?
30
(-11 + -67 - -83) + -23 + 0
-18
Calculate (2 - (1 + 5 + 2)) + -384 + 384.
-6
What is (1 - (-11 - -8)) + -8?
-4
What is (-6 - (15 - 21)) + -12?
-12
Evaluate 23 + (-7 - (6 - 9) - -9).
28
Evaluate -8 - (-87 - -91 - (0 + -1)).
-13
What is -11 + -2 - (-14 + 10) - -25?
16
Evaluate (-10 - (-6 + -7)) + (-13 - -3) - 8.
-15
What is (5 - 6) + (-1 + 0 - (-87 + 105))?
-20
(-14 - 34) + 44 + -6
-10
What is the value of 18 + 45 + -20 + -49?
-6
(8 - 8) + (2 - (2 - 2))
2
What is -11 + -5 + 10 + -6 - -2?
-10
What is 7 - (10 + 14 - 11)?
-6
What is the value of 572 - 534 - (45 + -2)?
-5
Evaluate -14 - (1 - (3 + -6 + 10 + 0)).
-8
Evaluate 0 + (-19 + -8 + 6 - -7).
-14
Calculate 1 - (-7 - -9) - (-17 - -11).
5
What is the value of 17 + -18 - 4 - 12?
-17
Evaluate 1 + 2 + -4 + (6 - (-1 - -4)).
2
What is 53 + -48 + 3 + -16 + -2 + 40?
30
What is 5 - (-6 - -5 - ((0 - 0) + 5))?
11
Evaluate -1 + (-23 - -16 - (1 + 3)).
-12
What is the value of 6 - (8 - 11 - -34) - (18 + -14)?
-29
What is the value of -10 - -2 - (9 - 1 - (52 + -41))?
-5
What is the value of (9 + -13 - -9) + (-2 - 0 - 3)?
0
Evaluate -1 + 81 + -78 + (-10 - 0).
-8
Calculate -24 + (6 - 15 - -25) + -6.
-14
Evaluate (7 - (-3 + 10) - 7) + -7.
-14
(16 - 2) + (-23 - (23 + -44))
12
(-73 - -78) + -1 + -1 - (0 + 1)
2
(14 - (6 + -11)) + -19
0
-16 + -4 + 12 + (0 - (2 + -2))
-8
Evaluate 16 - (28 + -13 - 6).
7
(6 - (2 + -5)) + (-33 - (0 - 17))
-7
Calculate 19 + (-5 - -10) + (-16 - -1).
9
13 + 15 - (23 + -3)
8
What is (-6 - (-12 - -3)) + 25 - (0 - 2)?
30
What is -1 + 4 + -2 - (12 + 40 - 34)?
-17
Calculate -13 + -4 + 28 - 6 - (-4 - 1).
10
Evaluate -6 + -5 + 16 - 27 - -11.
-11
Calculate (22 - 41) + 25 - (0 - (0 + -19)).
-13
10 + (-8 - 3) - -5
4
What is the value of -32 - -43 - (-2 - (-3 + 0 + 1))?
11
-2 - (7 + -26) - 14
3
What is 1 + 15 + -5 + -10 + 27?
28
What is the value of 13 - (1 - -10) - (1 + 4)?
-3
15 + (-29 - -24) + -23
-13
56 + -59 - (-13 - -1)
9
Evaluate -7 - (-28 + (-10 - -19)).
12
Calculate 7 + (11 - 15) - 7.
-4
What is -16 + 28 + -4 + 10?
18
6 - (-2 - (1 + -3)) - (-1025 - -1056)
-25
What is -1 - (1 - (0 + -5) - (21 - 15))?
-1
What is -5 + -16 + 5 + 8 - -12?
4
9 + (15 - 10 - -4) + -32
-14
Evaluate 16 + (-18 + 34 - 35).
-3
Evaluate -1 - ((-68 - -74) + (-8 - (0 + -2))).
-1
Evaluate (-9 - -2 - -5) + 3 - -3 - 21.
-17
What is the value of -13 + 1 - (11 - -2 - (88 + -80))?
-17
Evaluate (19 - 18) + -3 + -7.
-9
What is the value of -29 + (21 - -7) - (0 + 3 - 2)?
-2
Calculate 3 + (-8 - 37 - -20).
-22
What is the value of (-7 - (-20 - -10)) + -2 + -4?
-3
Evaluate 13 + -4 - (-9 + 12 + -4 - 6).
16
Evaluate 1 + -9 + 20 + -25 - -6.
-7
Evaluate -1 + (2 + (1 - 0) - 6).
-4
Calculate 5 + 4 + (-1 - 11) - -14.
11
What is the value of (1921 - 1909) + (-1 - (0 - 3)) + 1?
15
Evaluate -15 + (4 - (-14 - -6)).
-3
Calculate -4 + 29 + (-13 + 6 - -1).
19
What is the value of 5 + 1 + -1 - (34 + (1 - 17))?
-13
What is the value of (4 - -11) + -41 + 13 + -19?
-32
8 + -15 + 9 + -25
-23
What is -3 + (2 - (-2 - -13)) - (469 - 504)?
23
Evaluate -21 + -7 + (10 - -31).
13
1 + -2 - -1 - 4 - (5 + -4)
-5
What is the value of (3 - 2) + -4 + -1 + -5 + 6?
-3
Evaluate 2 + (-11 - (0 - 11)) + 2.
4
Evaluate (38 - 58) + 16 + -2.
-6
What is (11 - (-3 + -5)) + 5 + -1?
23
-3 - (-7 - 2 - (13 - 10))
9
What is (5897 - 5904) + (0 + 1 - (-32 - 0))?
26
Calculate -9 - (-7 + (-18 - 3)) - 9.
10
What is the value of 12 + (-6 - -2) + (15 - 17) + 5?
11
What is the value of -17 - 4 - ((8 - 23) + 4)?
-10
Evaluate (7 - 51 - -23) + 7.
-14
Calculate 12 - (13 + -13 - -9).
3
Calculate (-2 - 2) + -13 + 12 + 5 - 1.
-1
Evaluate (10 + (14 - 4) - 11) + -6.
3
7 + 4 + -2 - (8 + (-28 - -43))
-14
What is -381 - -372 - (-10 - (-4 + 3) - 0)?
0
Evaluate (4 - 0) + (353 - 356).
1
Evaluate (-5 - 0) + 30 - 9 - (-1 + 1).
16
Evaluate 31 + -1 + (-38 - -24 - -14).
30
(-313 - -319) + 16 + 0 - 5
17
What is the value of (4 - (0 + 9 + 23 + -24)) + 23?
19
Evaluate 3 + -2 + 1 + 427 + -401.
28
15 + -33 + 17 + -10
-11
Calculate -605 - -619 - (-1 + -1 - -11).
5
Calculate (3 + -9 - (-10 - -3) - -2) + -5.
-2
(-9 - -17) + 18 + -25
1
What is the value of (7 - (-2 - 18)) + -16?
11
What is 3 - (1 - -7) - (-15 + 23 + -6)?
-7
Evaluate (-20 - -17) + 23 + -25.
-5
(-10 - -8) + -3 + 2 + 2
-1
Evaluate -2 + (1 - (1 - 1)) + 862 + -868.
-7
Calculate -12 + -14 + 27 + -19.
-18
2 - (23 - (-5 + 14 + -20))
-32
Calculate (-9 - -14) + -3 + 4 + -2 - -12.
16
Evaluate 11 + (-11 - -5) + -4